{"id":1281,"date":"2026-04-08T18:58:10","date_gmt":"2026-04-08T16:58:10","guid":{"rendered":"https:\/\/turismoalmagrocreativo.com\/?page_id=1281"},"modified":"2026-04-09T10:08:10","modified_gmt":"2026-04-09T08:08:10","slug":"visita-nocturna-teatralizada","status":"publish","type":"page","link":"https:\/\/turismoalmagrocreativo.com\/index.php\/visita-nocturna-teatralizada\/","title":{"rendered":"Visita Nocturna Teatralizada"},"content":{"rendered":"\t\t<div data-elementor-type=\"wp-page\" data-elementor-id=\"1281\" class=\"elementor elementor-1281\">\n\t\t\t\t<div class=\"elementor-element elementor-element-c5204a8 e-con-full e-flex e-con e-parent\" data-id=\"c5204a8\" data-element_type=\"container\">\n\t\t\t\t<div class=\"elementor-element elementor-element-c2d1f3f elementor-widget elementor-widget-image\" data-id=\"c2d1f3f\" data-element_type=\"widget\" data-widget_type=\"image.default\">\n\t\t\t\t<div class=\"elementor-widget-container\">\n\t\t\t\t\t\t\t\t\t\t\t\t\t\t\t<img decoding=\"async\" src=\"https:\/\/turismoalmagrocreativo.com\/wp-content\/uploads\/elementor\/thumbs\/Portada-Luciana-scaled-rlpqxgv6xe4opi0y78ovjd0nc6mbcg72wurly0lms0.png\" title=\"Teatro almagro 1\" alt=\"Teatro almagro 1\" loading=\"lazy\" \/>\t\t\t\t\t\t\t\t\t\t\t\t\t\t\t<\/div>\n\t\t\t\t<\/div>\n\t\t\t\t<div class=\"elementor-element elementor-element-ad321bf elementor-widget__width-initial elementor-widget elementor-widget-text-editor\" data-id=\"ad321bf\" data-element_type=\"widget\" data-widget_type=\"text-editor.default\">\n\t\t\t\t<div class=\"elementor-widget-container\">\n\t\t\t\t\t\t\t\t\t<p style=\"text-align: center;\"><strong>En las calles de Almagro, cuando cae la noche, el teatro no se<\/strong><br \/><strong>queda en los escenarios\u2026 se filtra en las piedras y en la<\/strong><br \/><strong>memoria.<\/strong><\/p><p style=\"text-align: center;\">La Visita Nocturna Teatralizada <strong>El sue\u00f1o de Luciana<\/strong> propone\u00a0un recorrido por el barrio noble donde <strong>historia y<\/strong><strong> ficci\u00f3n<\/strong> se entrelazan, desdibujando los l\u00edmites entre <strong>gu\u00eda y personaje<\/strong>,<br \/>entre <strong>espectador y escena<\/strong>.<\/p><p style=\"text-align: center;\">Todo cambia cuando <strong>Luciana<\/strong>, una mujer del pasado, irrumpe en el presente. Desorientada, curiosa y llena de vida, se une al recorrido por el <strong>Almagro del<\/strong><strong> Siglo de Oro<\/strong>, mientras intenta comprender un mundo que ya no es el suyo\u2026 y enfrentarse al deseo, que en su tiempo le fue negado, de ser <strong>actriz<\/strong>.<\/p><p style=\"text-align: center;\">A trav\u00e9s de palacios, plazas y rincones cargados de <strong>historia<\/strong>, el p\u00fablico descubrir\u00e1 la evoluci\u00f3n del teatro, y adem\u00e1s conocer\u00e1 al olvidado dramaturgo almagre\u00f1o del Siglo de Oro, <strong>\u00c1lvaro <\/strong><strong>Cubillo de Arag\u00f3n<\/strong> y su obra <em>Las mu\u00f1ecas de Marcela<\/em>, siendo testigo de c\u00f3mo los versos, los personajes y las emociones <strong>atraviesan los siglos<\/strong>.<\/p><p style=\"text-align: center;\"><strong>Humor, juego esc\u00e9nico y <\/strong><strong>momentos de intensidad<\/strong> construyen una experiencia donde el pasado cobra vida y nada es exactamente lo que parece.<\/p><p style=\"text-align: center;\">Porque cuando el teatro sale a la calle\u2026 <strong>\u00bfqui\u00e9n observa a qui\u00e9n? <\/strong><strong>\u00bfy qu\u00e9 permanece cuando todo termina?<\/strong><\/p>\t\t\t\t\t\t\t\t<\/div>\n\t\t\t\t<\/div>\n\t\t\t\t<div class=\"elementor-element elementor-element-336c70f elementor-widget elementor-widget-image-carousel\" data-id=\"336c70f\" data-element_type=\"widget\" data-settings=\"{&quot;slides_to_show&quot;:&quot;3&quot;,&quot;slides_to_scroll&quot;:&quot;1&quot;,&quot;navigation&quot;:&quot;none&quot;,&quot;autoplay_speed&quot;:2500,&quot;speed&quot;:1500,&quot;autoplay&quot;:&quot;yes&quot;,&quot;pause_on_hover&quot;:&quot;yes&quot;,&quot;pause_on_interaction&quot;:&quot;yes&quot;,&quot;infinite&quot;:&quot;yes&quot;}\" data-widget_type=\"image-carousel.default\">\n\t\t\t\t<div class=\"elementor-widget-container\">\n\t\t\t\t\t\t\t<div class=\"elementor-image-carousel-wrapper swiper\" role=\"region\" aria-roledescription=\"carousel\" aria-label=\"Carrusel de im\u00e1genes\" dir=\"ltr\">\n\t\t\t<div class=\"elementor-image-carousel swiper-wrapper swiper-image-stretch\" aria-live=\"off\">\n\t\t\t\t\t\t\t\t<div class=\"swiper-slide\" role=\"group\" aria-roledescription=\"slide\" aria-label=\"1 de 9\"><figure class=\"swiper-slide-inner\"><img decoding=\"async\" class=\"swiper-slide-image\" src=\"https:\/\/turismoalmagrocreativo.com\/wp-content\/uploads\/2026\/04\/DSC_8132-2048x1972.jpg\" alt=\"Teatro almagro 11\" \/><\/figure><\/div><div class=\"swiper-slide\" role=\"group\" aria-roledescription=\"slide\" aria-label=\"2 de 9\"><figure class=\"swiper-slide-inner\"><img decoding=\"async\" class=\"swiper-slide-image\" src=\"https:\/\/turismoalmagrocreativo.com\/wp-content\/uploads\/2026\/04\/DSC_8137-2048x1972.jpg\" alt=\"Teatro almagro 2\" \/><\/figure><\/div><div class=\"swiper-slide\" role=\"group\" aria-roledescription=\"slide\" aria-label=\"3 de 9\"><figure class=\"swiper-slide-inner\"><img decoding=\"async\" class=\"swiper-slide-image\" src=\"https:\/\/turismoalmagrocreativo.com\/wp-content\/uploads\/2026\/04\/DSC_8161-2048x1972.jpg\" alt=\"Teatro almagro 3\" \/><\/figure><\/div><div class=\"swiper-slide\" role=\"group\" aria-roledescription=\"slide\" aria-label=\"4 de 9\"><figure class=\"swiper-slide-inner\"><img decoding=\"async\" class=\"swiper-slide-image\" src=\"https:\/\/turismoalmagrocreativo.com\/wp-content\/uploads\/2026\/04\/DSC_8195-2048x1972.jpg\" alt=\"Teatro almagro 4\" \/><\/figure><\/div><div class=\"swiper-slide\" role=\"group\" aria-roledescription=\"slide\" aria-label=\"5 de 9\"><figure class=\"swiper-slide-inner\"><img decoding=\"async\" class=\"swiper-slide-image\" src=\"https:\/\/turismoalmagrocreativo.com\/wp-content\/uploads\/2026\/04\/DSC_8213-2048x1972.jpg\" alt=\"Teatro almagro 5\" \/><\/figure><\/div><div class=\"swiper-slide\" role=\"group\" aria-roledescription=\"slide\" aria-label=\"6 de 9\"><figure class=\"swiper-slide-inner\"><img decoding=\"async\" class=\"swiper-slide-image\" src=\"https:\/\/turismoalmagrocreativo.com\/wp-content\/uploads\/2026\/04\/DSC_8231-2048x1972.jpg\" alt=\"Teatro almagro 6\" \/><\/figure><\/div><div class=\"swiper-slide\" role=\"group\" aria-roledescription=\"slide\" aria-label=\"7 de 9\"><figure class=\"swiper-slide-inner\"><img decoding=\"async\" class=\"swiper-slide-image\" src=\"https:\/\/turismoalmagrocreativo.com\/wp-content\/uploads\/2026\/04\/DSC_8242-2048x1972.jpg\" alt=\"Teatro almagro 7\" \/><\/figure><\/div><div class=\"swiper-slide\" role=\"group\" aria-roledescription=\"slide\" aria-label=\"8 de 9\"><figure class=\"swiper-slide-inner\"><img decoding=\"async\" class=\"swiper-slide-image\" src=\"https:\/\/turismoalmagrocreativo.com\/wp-content\/uploads\/2026\/04\/DSC_8268-2048x1972.jpg\" alt=\"Teatro almagro 9\" \/><\/figure><\/div><div class=\"swiper-slide\" role=\"group\" aria-roledescription=\"slide\" aria-label=\"9 de 9\"><figure class=\"swiper-slide-inner\"><img decoding=\"async\" class=\"swiper-slide-image\" src=\"https:\/\/turismoalmagrocreativo.com\/wp-content\/uploads\/2026\/04\/DSC_8250-2048x1972.jpg\" alt=\"Teatro almagro 8\" \/><\/figure><\/div>\t\t\t<\/div>\n\t\t\t\t\t\t\t\n\t\t\t\t\t\t\t\t\t<\/div>\n\t\t\t\t\t\t<\/div>\n\t\t\t\t<\/div>\n\t\t\t\t<\/div>\n\t\t<div class=\"elementor-element elementor-element-83d0667 e-flex e-con-boxed e-con e-parent\" data-id=\"83d0667\" data-element_type=\"container\">\n\t\t\t\t\t<div class=\"e-con-inner\">\n\t\t\t\t<div class=\"elementor-element elementor-element-5ebbb0a elementor-widget elementor-widget-text-editor\" data-id=\"5ebbb0a\" data-element_type=\"widget\" data-widget_type=\"text-editor.default\">\n\t\t\t\t<div class=\"elementor-widget-container\">\n\t\t\t\t\t\t\t\t\t<p style=\"text-align: center;\"><strong>D\u00edas de Representaci\u00f3n:<\/strong><br \/><strong>S\u00e1bados<\/strong>: Para p\u00fablico general.<br \/><strong>Viernes<\/strong>: Para grupos concertados a partir de <strong>10 personas<\/strong><br \/>con m\u00ednimo <strong>15 d\u00edas<\/strong> de antelaci\u00f3n.<\/p><p style=\"text-align: center;\"><strong>Horarios:<\/strong><br \/>Octubre &#8211; Mayo:<strong> 20:30 h<\/strong><br \/>Resto del a\u00f1o:\u00a0 <strong>21:30 h<br \/><\/strong>Duraci\u00f3n: <strong>90 minutos<\/strong> aprox.<br \/><br \/><strong>Punto de encuentro<\/strong>: Escultura de Diego de Almagro, en los jardines de la plaza.<br \/>Donde dar\u00e1 comienzo la experiencia.<\/p><p style=\"text-align: center;\"><strong>Precio:<\/strong><br \/><strong>20\u20ac<\/strong> para p\u00fablico general<br \/><strong>12\u20ac<\/strong> para vecinos de Almagro.<br \/>Menores de 12 a\u00f1os<strong> gratis<\/strong>.<\/p>\t\t\t\t\t\t\t\t<\/div>\n\t\t\t\t<\/div>\n\t\t\t\t<div class=\"elementor-element elementor-element-3f7cdea elementor-button-danger elementor-align-center elementor-widget elementor-widget-button\" data-id=\"3f7cdea\" data-element_type=\"widget\" data-widget_type=\"button.default\">\n\t\t\t\t<div class=\"elementor-widget-container\">\n\t\t\t\t\t\t\t\t\t<div class=\"elementor-button-wrapper\">\n\t\t\t\t\t<a class=\"elementor-button elementor-button-link elementor-size-sm\" href=\"https:\/\/turismoalmagrocreativo.com\/index.php\/contacto-visita-nocturna-teatralizada\/\">\n\t\t\t\t\t\t<span class=\"elementor-button-content-wrapper\">\n\t\t\t\t\t\t<span class=\"elementor-button-icon\">\n\t\t\t\t<svg aria-hidden=\"true\" class=\"e-font-icon-svg e-far-calendar-alt\" viewBox=\"0 0 448 512\" xmlns=\"http:\/\/www.w3.org\/2000\/svg\"><path d=\"M148 288h-40c-6.6 0-12-5.4-12-12v-40c0-6.6 5.4-12 12-12h40c6.6 0 12 5.4 12 12v40c0 6.6-5.4 12-12 12zm108-12v-40c0-6.6-5.4-12-12-12h-40c-6.6 0-12 5.4-12 12v40c0 6.6 5.4 12 12 12h40c6.6 0 12-5.4 12-12zm96 0v-40c0-6.6-5.4-12-12-12h-40c-6.6 0-12 5.4-12 12v40c0 6.6 5.4 12 12 12h40c6.6 0 12-5.4 12-12zm-96 96v-40c0-6.6-5.4-12-12-12h-40c-6.6 0-12 5.4-12 12v40c0 6.6 5.4 12 12 12h40c6.6 0 12-5.4 12-12zm-96 0v-40c0-6.6-5.4-12-12-12h-40c-6.6 0-12 5.4-12 12v40c0 6.6 5.4 12 12 12h40c6.6 0 12-5.4 12-12zm192 0v-40c0-6.6-5.4-12-12-12h-40c-6.6 0-12 5.4-12 12v40c0 6.6 5.4 12 12 12h40c6.6 0 12-5.4 12-12zm96-260v352c0 26.5-21.5 48-48 48H48c-26.5 0-48-21.5-48-48V112c0-26.5 21.5-48 48-48h48V12c0-6.6 5.4-12 12-12h40c6.6 0 12 5.4 12 12v52h128V12c0-6.6 5.4-12 12-12h40c6.6 0 12 5.4 12 12v52h48c26.5 0 48 21.5 48 48zm-48 346V160H48v298c0 3.3 2.7 6 6 6h340c3.3 0 6-2.7 6-6z\"><\/path><\/svg>\t\t\t<\/span>\n\t\t\t\t\t\t\t\t\t<span class=\"elementor-button-text\">Reserva<\/span>\n\t\t\t\t\t<\/span>\n\t\t\t\t\t<\/a>\n\t\t\t\t<\/div>\n\t\t\t\t\t\t\t\t<\/div>\n\t\t\t\t<\/div>\n\t\t\t\t<div class=\"elementor-element elementor-element-fe56621 elementor-widget elementor-widget-heading\" data-id=\"fe56621\" data-element_type=\"widget\" data-widget_type=\"heading.default\">\n\t\t\t\t<div class=\"elementor-widget-container\">\n\t\t\t\t\t<h2 class=\"elementor-heading-title elementor-size-default\">Noticias Relacionadas:<\/h2>\t\t\t\t<\/div>\n\t\t\t\t<\/div>\n\t\t\t\t<div class=\"elementor-element elementor-element-7f407b5 elementor-widget elementor-widget-text-editor\" data-id=\"7f407b5\" data-element_type=\"widget\" data-widget_type=\"text-editor.default\">\n\t\t\t\t<div class=\"elementor-widget-container\">\n\t\t\t\t\t\t\t\t\t<p><span style=\"color: #0000ff;\"><em><a style=\"color: #0000ff;\" href=\"https:\/\/almagronoticias.com\/el-sueno-de-luciana-una-experiencia-teatralizada-por-el-almagro-del-siglo-de-oro-que-rompe-el-tiempo\/\" target=\"_blank\" rel=\"noopener\"><span style=\"text-decoration: underline;\"> Almagro Noticias<\/span><\/a><\/em><\/span><\/p>\t\t\t\t\t\t\t\t<\/div>\n\t\t\t\t<\/div>\n\t\t\t\t\t<\/div>\n\t\t\t\t<\/div>\n\t\t\t\t<\/div>\n\t\t","protected":false},"excerpt":{"rendered":"<p>En las calles de Almagro, cuando cae la noche, el teatro no sequeda en los escenarios\u2026 se filtra en las piedras y en lamemoria. La Visita Nocturna Teatralizada El sue\u00f1o de Luciana propone\u00a0un recorrido por el barrio noble donde historia y ficci\u00f3n se entrelazan, desdibujando los l\u00edmites entre gu\u00eda y personaje,entre espectador y escena. Todo [&hellip;]<\/p>\n","protected":false},"author":1,"featured_media":0,"parent":0,"menu_order":0,"comment_status":"closed","ping_status":"closed","template":"","meta":{"ocean_post_layout":"","ocean_both_sidebars_style":"","ocean_both_sidebars_content_width":0,"ocean_both_sidebars_sidebars_width":0,"ocean_sidebar":"","ocean_second_sidebar":"","ocean_disable_margins":"enable","ocean_add_body_class":"","ocean_shortcode_before_top_bar":"","ocean_shortcode_after_top_bar":"","ocean_shortcode_before_header":"","ocean_shortcode_after_header":"","ocean_has_shortcode":"","ocean_shortcode_after_title":"","ocean_shortcode_before_footer_widgets":"","ocean_shortcode_after_footer_widgets":"","ocean_shortcode_before_footer_bottom":"","ocean_shortcode_after_footer_bottom":"","ocean_display_top_bar":"default","ocean_display_header":"default","ocean_header_style":"","ocean_center_header_left_menu":"","ocean_custom_header_template":"","ocean_custom_logo":0,"ocean_custom_retina_logo":0,"ocean_custom_logo_max_width":0,"ocean_custom_logo_tablet_max_width":0,"ocean_custom_logo_mobile_max_width":0,"ocean_custom_logo_max_height":0,"ocean_custom_logo_tablet_max_height":0,"ocean_custom_logo_mobile_max_height":0,"ocean_header_custom_menu":"","ocean_menu_typo_font_family":"","ocean_menu_typo_font_subset":"","ocean_menu_typo_font_size":0,"ocean_menu_typo_font_size_tablet":0,"ocean_menu_typo_font_size_mobile":0,"ocean_menu_typo_font_size_unit":"px","ocean_menu_typo_font_weight":"","ocean_menu_typo_font_weight_tablet":"","ocean_menu_typo_font_weight_mobile":"","ocean_menu_typo_transform":"","ocean_menu_typo_transform_tablet":"","ocean_menu_typo_transform_mobile":"","ocean_menu_typo_line_height":0,"ocean_menu_typo_line_height_tablet":0,"ocean_menu_typo_line_height_mobile":0,"ocean_menu_typo_line_height_unit":"","ocean_menu_typo_spacing":0,"ocean_menu_typo_spacing_tablet":0,"ocean_menu_typo_spacing_mobile":0,"ocean_menu_typo_spacing_unit":"","ocean_menu_link_color":"","ocean_menu_link_color_hover":"","ocean_menu_link_color_active":"","ocean_menu_link_background":"","ocean_menu_link_hover_background":"","ocean_menu_link_active_background":"","ocean_menu_social_links_bg":"","ocean_menu_social_hover_links_bg":"","ocean_menu_social_links_color":"","ocean_menu_social_hover_links_color":"","ocean_disable_title":"default","ocean_disable_heading":"default","ocean_post_title":"","ocean_post_subheading":"","ocean_post_title_style":"","ocean_post_title_background_color":"","ocean_post_title_background":0,"ocean_post_title_bg_image_position":"","ocean_post_title_bg_image_attachment":"","ocean_post_title_bg_image_repeat":"","ocean_post_title_bg_image_size":"","ocean_post_title_height":0,"ocean_post_title_bg_overlay":0.5,"ocean_post_title_bg_overlay_color":"","ocean_disable_breadcrumbs":"default","ocean_breadcrumbs_color":"","ocean_breadcrumbs_separator_color":"","ocean_breadcrumbs_links_color":"","ocean_breadcrumbs_links_hover_color":"","ocean_display_footer_widgets":"default","ocean_display_footer_bottom":"default","ocean_custom_footer_template":"","_joinchat":[],"footnotes":""},"class_list":["post-1281","page","type-page","status-publish","hentry","entry"],"_links":{"self":[{"href":"https:\/\/turismoalmagrocreativo.com\/index.php\/wp-json\/wp\/v2\/pages\/1281","targetHints":{"allow":["GET"]}}],"collection":[{"href":"https:\/\/turismoalmagrocreativo.com\/index.php\/wp-json\/wp\/v2\/pages"}],"about":[{"href":"https:\/\/turismoalmagrocreativo.com\/index.php\/wp-json\/wp\/v2\/types\/page"}],"author":[{"embeddable":true,"href":"https:\/\/turismoalmagrocreativo.com\/index.php\/wp-json\/wp\/v2\/users\/1"}],"replies":[{"embeddable":true,"href":"https:\/\/turismoalmagrocreativo.com\/index.php\/wp-json\/wp\/v2\/comments?post=1281"}],"version-history":[{"count":44,"href":"https:\/\/turismoalmagrocreativo.com\/index.php\/wp-json\/wp\/v2\/pages\/1281\/revisions"}],"predecessor-version":[{"id":1382,"href":"https:\/\/turismoalmagrocreativo.com\/index.php\/wp-json\/wp\/v2\/pages\/1281\/revisions\/1382"}],"wp:attachment":[{"href":"https:\/\/turismoalmagrocreativo.com\/index.php\/wp-json\/wp\/v2\/media?parent=1281"}],"curies":[{"name":"wp","href":"https:\/\/api.w.org\/{rel}","templated":true}]}}