{"id":926,"date":"2024-05-29T20:13:54","date_gmt":"2024-05-29T18:13:54","guid":{"rendered":"https:\/\/turismoalmagrocreativo.com\/?page_id=926"},"modified":"2026-04-16T19:41:28","modified_gmt":"2026-04-16T17:41:28","slug":"rutas","status":"publish","type":"page","link":"https:\/\/turismoalmagrocreativo.com\/index.php\/rutas\/","title":{"rendered":"Rutas Almagro"},"content":{"rendered":"\t\t<div data-elementor-type=\"wp-page\" data-elementor-id=\"926\" class=\"elementor elementor-926\">\n\t\t\t\t<div class=\"elementor-element elementor-element-f79f6c5 e-flex e-con-boxed e-con e-parent\" data-id=\"f79f6c5\" data-element_type=\"container\">\n\t\t\t\t\t<div class=\"e-con-inner\">\n\t\t\t\t<div class=\"elementor-element elementor-element-a3f26e0 elementor-widget elementor-widget-text-editor\" data-id=\"a3f26e0\" data-element_type=\"widget\" data-widget_type=\"text-editor.default\">\n\t\t\t\t<div class=\"elementor-widget-container\">\n\t\t\t\t\t\t\t\t\t<h1 style=\"text-align: center;\">RUTA 1<\/h1><h1 style=\"text-align: center;\"><strong><span style=\"color: #000000;\">ALMAGRO TEATRO Y MUCHO M\u00c1S\u2026<\/span><\/strong><\/h1><h2 style=\"text-align: center;\"><strong>(Tour de 2 horas)<\/strong><\/h2><p style=\"text-align: center;\"><em>Esta <strong>ruta<\/strong> est\u00e1 hecha para que conozcas la <strong>tradici\u00f3n teatral en Almagro y sus monumentos m\u00e1s emblem\u00e1ticos\u2026<\/strong><\/em><\/p><p style=\"text-align: center;\"><em>C\u00f3mo el <strong>famoso y \u00fanico Corral de Comedias<\/strong>, en su escena se siguen representando, casi a diario, las obras de los <strong>autores cl\u00e1sicos del Siglo de Oro<\/strong>, que se mantiene intacto y en activo desde principios del <strong>siglo XVII<\/strong> hasta nuestros d\u00edas, y que es, en buena parte, el emblema de la ciudad, mantiene todas sus partes: <strong>zagu\u00e1n, alojer\u00eda, patio de mosqueteros, cazuela de las mujeres, galer\u00edas, tablado.<\/strong><\/em><\/p><p style=\"text-align: center;\"><em>Continuaremos con la evoluci\u00f3n del teatro visitando el <strong>Teatro Municipal<\/strong>, que se construye cuando el corral se va a tapiar, una verdadera bombonera, construido en el <strong>siglo XIX<\/strong>, se trata de un espacio teatral \u00aba la italiana\u00bb que nace seg\u00fan el gusto y las necesidades de la burgues\u00eda almagre\u00f1a, su interior con forma de herradura para mejorar la ac\u00fastica\u2026 ahora nos vamos a sumergir en la impresionante <strong>Iglesia de San Agust\u00edn<\/strong>, es un precioso <strong>templo barroco<\/strong> situado en el coraz\u00f3n de Almagro, construida gracias al patrimonio de la <strong>familia Figueroa<\/strong>, aqu\u00ed se instalaron los agustinos recoletos para llevar una vida mon\u00e1stica,\u00a0 musealizada a d\u00eda de hoy, es c\u00f3mo una peque\u00f1a capilla Sixtina, por sus bellos frescos barrocos.<\/em><\/p><p style=\"text-align: center;\"><em>Recorreremos la <strong>Plaza Mayor de Almagro<\/strong>, pasear por este recinto es oler y degustar su historia, sus caracter\u00edsticos soportales sujetan una portentosa plaza con sus graciosas <strong>galer\u00edas verdes<\/strong>, un ilustre resistente de esta plaza es <strong>Diego de Almagro<\/strong> conquistador del Per\u00fa y capit\u00e1n general del Reino de Chile. No podemos irnos de Almagro sin pasear por el <strong>Barrio Noble<\/strong>, donde estaba asentada la nobleza Almagre\u00f1a en <strong>los siglos de esplendor XVI, XVII,<\/strong> con las portadas de los <strong>Rosales<\/strong>, los <strong>Wessel<\/strong>, casa-palacio de los <strong>banqueros alemanes<\/strong>, los <strong>F\u00facares<\/strong>&#8230; al final de esta calle, la casa del <strong>Prior de San Bartolom\u00e9<\/strong>, casa de los <strong>Oviedo<\/strong> y en la <strong>Plaza de Santo Domingo<\/strong>, el <strong>Palacio de los Marqueses de Torremej\u00eda<\/strong> y el <strong>Palacio de los Condes de Valdepara\u00edso<\/strong>.<\/em><\/p>\t\t\t\t\t\t\t\t<\/div>\n\t\t\t\t<\/div>\n\t\t\t\t\t<\/div>\n\t\t\t\t<\/div>\n\t\t<div class=\"elementor-element elementor-element-72daee3 e-flex e-con-boxed e-con e-parent\" data-id=\"72daee3\" data-element_type=\"container\">\n\t\t\t\t\t<div class=\"e-con-inner\">\n\t\t\t\t<div class=\"elementor-element elementor-element-e61fb49 elementor-widget__width-inherit elementor-widget elementor-widget-image-carousel\" data-id=\"e61fb49\" data-element_type=\"widget\" data-settings=\"{&quot;navigation&quot;:&quot;none&quot;,&quot;autoplay_speed&quot;:2500,&quot;speed&quot;:900,&quot;image_spacing_custom&quot;:{&quot;unit&quot;:&quot;px&quot;,&quot;size&quot;:15,&quot;sizes&quot;:[]},&quot;autoplay&quot;:&quot;yes&quot;,&quot;infinite&quot;:&quot;yes&quot;,&quot;image_spacing_custom_tablet&quot;:{&quot;unit&quot;:&quot;px&quot;,&quot;size&quot;:&quot;&quot;,&quot;sizes&quot;:[]},&quot;image_spacing_custom_mobile&quot;:{&quot;unit&quot;:&quot;px&quot;,&quot;size&quot;:&quot;&quot;,&quot;sizes&quot;:[]}}\" data-widget_type=\"image-carousel.default\">\n\t\t\t\t<div class=\"elementor-widget-container\">\n\t\t\t\t\t\t\t<div class=\"elementor-image-carousel-wrapper swiper\" role=\"region\" aria-roledescription=\"carousel\" aria-label=\"Carrusel de im\u00e1genes\" dir=\"ltr\">\n\t\t\t<div class=\"elementor-image-carousel swiper-wrapper\" aria-live=\"off\">\n\t\t\t\t\t\t\t\t<div class=\"swiper-slide\" role=\"group\" aria-roledescription=\"slide\" aria-label=\"1 de 11\"><figure class=\"swiper-slide-inner\"><img decoding=\"async\" class=\"swiper-slide-image\" src=\"https:\/\/turismoalmagrocreativo.com\/wp-content\/uploads\/2024\/05\/Corral1-600x600.jpeg\" alt=\"Corral1\" \/><\/figure><\/div><div class=\"swiper-slide\" role=\"group\" aria-roledescription=\"slide\" aria-label=\"2 de 11\"><figure class=\"swiper-slide-inner\"><img decoding=\"async\" class=\"swiper-slide-image\" src=\"https:\/\/turismoalmagrocreativo.com\/wp-content\/uploads\/2024\/05\/teatro-600x600.jpeg\" alt=\"teatro\" \/><\/figure><\/div><div class=\"swiper-slide\" role=\"group\" aria-roledescription=\"slide\" aria-label=\"3 de 11\"><figure class=\"swiper-slide-inner\"><img decoding=\"async\" class=\"swiper-slide-image\" src=\"https:\/\/turismoalmagrocreativo.com\/wp-content\/uploads\/2024\/05\/Iglesia1-600x600.jpeg\" alt=\"Iglesia1\" \/><\/figure><\/div><div class=\"swiper-slide\" role=\"group\" aria-roledescription=\"slide\" aria-label=\"4 de 11\"><figure class=\"swiper-slide-inner\"><img decoding=\"async\" class=\"swiper-slide-image\" src=\"https:\/\/turismoalmagrocreativo.com\/wp-content\/uploads\/2024\/05\/CalleAlmagro1-600x600.jpeg\" alt=\"CalleAlmagro1\" \/><\/figure><\/div><div class=\"swiper-slide\" role=\"group\" aria-roledescription=\"slide\" aria-label=\"5 de 11\"><figure class=\"swiper-slide-inner\"><img decoding=\"async\" class=\"swiper-slide-image\" src=\"https:\/\/turismoalmagrocreativo.com\/wp-content\/uploads\/2024\/05\/plazaVentanas-600x600.jpeg\" alt=\"plazaVentanas\" \/><\/figure><\/div><div class=\"swiper-slide\" role=\"group\" aria-roledescription=\"slide\" aria-label=\"6 de 11\"><figure class=\"swiper-slide-inner\"><img decoding=\"async\" class=\"swiper-slide-image\" src=\"https:\/\/turismoalmagrocreativo.com\/wp-content\/uploads\/2024\/06\/1717611853994-600x600.jpg\" alt=\"1717611853994\" \/><\/figure><\/div><div class=\"swiper-slide\" role=\"group\" aria-roledescription=\"slide\" aria-label=\"7 de 11\"><figure class=\"swiper-slide-inner\"><img decoding=\"async\" class=\"swiper-slide-image\" src=\"https:\/\/turismoalmagrocreativo.com\/wp-content\/uploads\/2024\/06\/1717611854013-600x600.jpg\" alt=\"1717611854013\" \/><\/figure><\/div><div class=\"swiper-slide\" role=\"group\" aria-roledescription=\"slide\" aria-label=\"8 de 11\"><figure class=\"swiper-slide-inner\"><img decoding=\"async\" class=\"swiper-slide-image\" src=\"https:\/\/turismoalmagrocreativo.com\/wp-content\/uploads\/2024\/06\/1717611970197-600x600.jpg\" alt=\"1717611970197\" \/><\/figure><\/div><div class=\"swiper-slide\" role=\"group\" aria-roledescription=\"slide\" aria-label=\"9 de 11\"><figure class=\"swiper-slide-inner\"><img decoding=\"async\" class=\"swiper-slide-image\" src=\"https:\/\/turismoalmagrocreativo.com\/wp-content\/uploads\/2024\/06\/1717612161194-600x600.jpg\" alt=\"1717612161194\" \/><\/figure><\/div><div class=\"swiper-slide\" role=\"group\" aria-roledescription=\"slide\" aria-label=\"10 de 11\"><figure class=\"swiper-slide-inner\"><img decoding=\"async\" class=\"swiper-slide-image\" src=\"https:\/\/turismoalmagrocreativo.com\/wp-content\/uploads\/2024\/06\/1717612161214-600x600.jpg\" alt=\"1717612161214\" \/><\/figure><\/div><div class=\"swiper-slide\" role=\"group\" aria-roledescription=\"slide\" aria-label=\"11 de 11\"><figure class=\"swiper-slide-inner\"><img decoding=\"async\" class=\"swiper-slide-image\" src=\"https:\/\/turismoalmagrocreativo.com\/wp-content\/uploads\/2024\/06\/1717612699568-600x600.jpg\" alt=\"1717612699568\" \/><\/figure><\/div>\t\t\t<\/div>\n\t\t\t\t\t\t\t\n\t\t\t\t\t\t\t\t\t<\/div>\n\t\t\t\t\t\t<\/div>\n\t\t\t\t<\/div>\n\t\t\t\t\t<\/div>\n\t\t\t\t<\/div>\n\t\t<div class=\"elementor-element elementor-element-ee4826b e-flex e-con-boxed e-con e-parent\" data-id=\"ee4826b\" data-element_type=\"container\">\n\t\t\t\t\t<div class=\"e-con-inner\">\n\t\t\t\t<div class=\"elementor-element elementor-element-8c87c4d elementor-widget elementor-widget-text-editor\" data-id=\"8c87c4d\" data-element_type=\"widget\" data-widget_type=\"text-editor.default\">\n\t\t\t\t<div class=\"elementor-widget-container\">\n\t\t\t\t\t\t\t\t\t<h1 style=\"text-align: center;\">RUTA 2<\/h1><h1 style=\"text-align: center;\"><strong>ALMAGRO, TEATRO, PASEO POR EL RENACIMIENTO Y EL BARROCO<\/strong><\/h1><h2 style=\"text-align: center;\"><strong>(Tour de 3 horas)<\/strong><\/h2><p style=\"text-align: center;\"><em>Est\u00e1 <strong>ruta<\/strong> es una invitaci\u00f3n a sumergirnos en la<strong> leyenda de monjes y guerreros Calatravos, en la grandiosidad de iglesias y conventos&#8230;<\/strong><\/em><\/p><p style=\"text-align: center;\"><em>Comenzamos nuestro tour con el <strong>Convento de Santa Catalina<\/strong>, es uno de los tres conventos situados extramuros, fuera de lo que fue el recinto amurallado de la ciudad, la iglesia fue lo primero en edificarse, <strong>g\u00f3tica<\/strong> con elementos <strong>renacentistas<\/strong>. El <strong>claustro<\/strong> es la parte m\u00e1s interesante con sus <strong>bellas galer\u00edas<\/strong> con columnas <strong>toscanas<\/strong> en m\u00e1rmol, y la <strong>talla de las armas de los Padilla<\/strong>, alternando con decoraci\u00f3n de rosetas, circundado por \u00e9l, <strong>siete puertas y dos ventanas<\/strong> de rica decoraci\u00f3n <strong>plateresca<\/strong> y su magn\u00edfica escalera de <strong>tracer\u00eda flam\u00edgera.<\/strong><\/em><\/p><p style=\"text-align: center;\"><em>Seguimos nuestro recorrido saludando a nuestro paso al monumento a la <strong>Encajera Almagre\u00f1a<\/strong>, para trasladarnos al <strong>Palacio de Juan Xedler (F\u00facares)<\/strong>, es un edificio sobrio, de estilo <strong>renacentista<\/strong>, que cuenta con un portentoso patio central de tradici\u00f3n <strong>mud\u00e9jar<\/strong>, y dos plantas que configuran el resto de las dependencias, la decoraci\u00f3n de <strong>yeser\u00edas con flechas y ovas<\/strong>, quedan comunicadas gracias a una austera escalera. El patio se articula en base a una serie de arcos y columnas toscanas, que aportan el toque se\u00f1orial al edificio.<\/em><\/p><p style=\"text-align: center;\"><em>Ahora caminaremos hac\u00eda el <strong>Teatro Municipal<\/strong>, que se construye cuando el corral se va a tapiar y Almagro se queda sin espacio esc\u00e9nico. Es una verdadera bombonera construido en el <strong>siglo XIX<\/strong>, se trata de un espacio teatral \u00aba la italiana\u00bb que nace seg\u00fan el gusto y las necesidades de la burgues\u00eda almagre\u00f1a, su interior con forma de herradura para mejorar la ac\u00fastica, nuestro circuito sigue con la <strong>Iglesia de San Agust\u00edn<\/strong>, es un precioso <strong>templo barroco<\/strong> situado en el coraz\u00f3n de Almagro construida gracias al patrimonio de la<strong> familia Figueroa<\/strong>, aqu\u00ed se instalaron los agustinos recoletos para llevar una vida mon\u00e1stica, musealizada a d\u00eda de hoy, es c\u00f3mo una peque\u00f1a capilla Sixtina por sus bellos frescos barrocos.<\/em><\/p><p style=\"text-align: center;\"><em>Se\u00f1ores viajeros, no nos olvidemos del <strong>Corral de Comedias<\/strong>, en su escena se siguen representando casi a diario, las obras de los autores cl\u00e1sicos del <strong>Siglo de Oro<\/strong>, que se mantiene intacto desde principios del siglo <strong>XVII<\/strong> hasta nuestros d\u00edas, y qu\u00e9 es una buena parte, el emblema de la ciudad, mantiene todas sus partes: <strong>zagu\u00e1n, alojer\u00eda, patio de mosqueteros, cazuela de las mujeres\u2026<\/strong><\/em><\/p><p style=\"text-align: center;\"><em>\u00a0y c\u00f3mo no pod\u00eda ser de otra manera, no nos podemos ir de Almagro sin dejar de visitar el <strong>Barrio Noble<\/strong>, donde estaba asentada la nobleza Almagre\u00f1a <strong>en los siglos XVI, XVII<\/strong>, con las <strong>portadas<\/strong> de los <strong>Rosales<\/strong>, los <strong>Wessel<\/strong>, casa-palacio de los<strong> banqueros alemanes<\/strong>, los <strong>F\u00facares<\/strong>\u2026 al final de esta calle, la casa del <strong>Prior de San Bartolom\u00e9<\/strong>, casa de los <strong>Oviedo<\/strong> y en la <strong>Plaza de Santo Domingo<\/strong>, el <strong>Palacio de los Marqueses de Torremej\u00eda<\/strong> y el <strong>Palacio de los Condes de Valdepara\u00edso<\/strong>.<\/em><\/p>\t\t\t\t\t\t\t\t<\/div>\n\t\t\t\t<\/div>\n\t\t\t\t\t<\/div>\n\t\t\t\t<\/div>\n\t\t<div class=\"elementor-element elementor-element-5104b22 e-flex e-con-boxed e-con e-parent\" data-id=\"5104b22\" data-element_type=\"container\">\n\t\t\t\t\t<div class=\"e-con-inner\">\n\t\t\t\t<div class=\"elementor-element elementor-element-78e35e4 elementor-button-danger elementor-align-center elementor-widget elementor-widget-button\" data-id=\"78e35e4\" data-element_type=\"widget\" data-widget_type=\"button.default\">\n\t\t\t\t<div class=\"elementor-widget-container\">\n\t\t\t\t\t\t\t\t\t<div class=\"elementor-button-wrapper\">\n\t\t\t\t\t<a class=\"elementor-button elementor-button-link elementor-size-sm\" href=\"https:\/\/turismoalmagrocreativo.com\/index.php\/contact\/\">\n\t\t\t\t\t\t<span class=\"elementor-button-content-wrapper\">\n\t\t\t\t\t\t<span class=\"elementor-button-icon\">\n\t\t\t\t<svg aria-hidden=\"true\" class=\"e-font-icon-svg e-far-calendar-alt\" viewBox=\"0 0 448 512\" xmlns=\"http:\/\/www.w3.org\/2000\/svg\"><path d=\"M148 288h-40c-6.6 0-12-5.4-12-12v-40c0-6.6 5.4-12 12-12h40c6.6 0 12 5.4 12 12v40c0 6.6-5.4 12-12 12zm108-12v-40c0-6.6-5.4-12-12-12h-40c-6.6 0-12 5.4-12 12v40c0 6.6 5.4 12 12 12h40c6.6 0 12-5.4 12-12zm96 0v-40c0-6.6-5.4-12-12-12h-40c-6.6 0-12 5.4-12 12v40c0 6.6 5.4 12 12 12h40c6.6 0 12-5.4 12-12zm-96 96v-40c0-6.6-5.4-12-12-12h-40c-6.6 0-12 5.4-12 12v40c0 6.6 5.4 12 12 12h40c6.6 0 12-5.4 12-12zm-96 0v-40c0-6.6-5.4-12-12-12h-40c-6.6 0-12 5.4-12 12v40c0 6.6 5.4 12 12 12h40c6.6 0 12-5.4 12-12zm192 0v-40c0-6.6-5.4-12-12-12h-40c-6.6 0-12 5.4-12 12v40c0 6.6 5.4 12 12 12h40c6.6 0 12-5.4 12-12zm96-260v352c0 26.5-21.5 48-48 48H48c-26.5 0-48-21.5-48-48V112c0-26.5 21.5-48 48-48h48V12c0-6.6 5.4-12 12-12h40c6.6 0 12 5.4 12 12v52h128V12c0-6.6 5.4-12 12-12h40c6.6 0 12 5.4 12 12v52h48c26.5 0 48 21.5 48 48zm-48 346V160H48v298c0 3.3 2.7 6 6 6h340c3.3 0 6-2.7 6-6z\"><\/path><\/svg>\t\t\t<\/span>\n\t\t\t\t\t\t\t\t\t<span class=\"elementor-button-text\">Reserva<\/span>\n\t\t\t\t\t<\/span>\n\t\t\t\t\t<\/a>\n\t\t\t\t<\/div>\n\t\t\t\t\t\t\t\t<\/div>\n\t\t\t\t<\/div>\n\t\t\t\t\t<\/div>\n\t\t\t\t<\/div>\n\t\t<div class=\"elementor-element elementor-element-576ca48 e-flex e-con-boxed e-con e-parent\" data-id=\"576ca48\" data-element_type=\"container\">\n\t\t\t\t\t<div class=\"e-con-inner\">\n\t\t\t\t<div class=\"elementor-element elementor-element-09cf9fb elementor-widget elementor-widget-text-editor\" data-id=\"09cf9fb\" data-element_type=\"widget\" data-widget_type=\"text-editor.default\">\n\t\t\t\t<div class=\"elementor-widget-container\">\n\t\t\t\t\t\t\t\t\t<h1 style=\"text-align: center;\">RUTA 3<\/h1><h1 style=\"text-align: center;\"><strong>Visita Nocturna Teatralizada \u00abEl Sue\u00f1o De Luciana\u00bb<\/strong><\/h1><h2 style=\"text-align: center;\"><strong>(Duraci\u00f3n: 90 minutos)<\/strong><\/h2>\t\t\t\t\t\t\t\t<\/div>\n\t\t\t\t<\/div>\n\t\t\t\t<div class=\"elementor-element elementor-element-f880fa7 elementor-button-info elementor-align-center elementor-widget elementor-widget-button\" data-id=\"f880fa7\" data-element_type=\"widget\" data-widget_type=\"button.default\">\n\t\t\t\t<div class=\"elementor-widget-container\">\n\t\t\t\t\t\t\t\t\t<div class=\"elementor-button-wrapper\">\n\t\t\t\t\t<a class=\"elementor-button elementor-button-link elementor-size-sm elementor-animation-push\" href=\"https:\/\/turismoalmagrocreativo.com\/index.php\/visita-nocturna-teatralizada\/\">\n\t\t\t\t\t\t<span class=\"elementor-button-content-wrapper\">\n\t\t\t\t\t\t\t\t\t<span class=\"elementor-button-text\">Mas Informaci\u00f3n<\/span>\n\t\t\t\t\t<\/span>\n\t\t\t\t\t<\/a>\n\t\t\t\t<\/div>\n\t\t\t\t\t\t\t\t<\/div>\n\t\t\t\t<\/div>\n\t\t\t\t\t<\/div>\n\t\t\t\t<\/div>\n\t\t\t\t<\/div>\n\t\t","protected":false},"excerpt":{"rendered":"<p>RUTA 1 ALMAGRO TEATRO Y MUCHO M\u00c1S\u2026 (Tour de 2 horas) Esta ruta est\u00e1 hecha para que conozcas la tradici\u00f3n teatral en Almagro y sus monumentos m\u00e1s emblem\u00e1ticos\u2026 C\u00f3mo el famoso y \u00fanico Corral de Comedias, en su escena se siguen representando, casi a diario, las obras de los autores cl\u00e1sicos del Siglo de Oro, [&hellip;]<\/p>\n","protected":false},"author":1,"featured_media":0,"parent":0,"menu_order":0,"comment_status":"closed","ping_status":"closed","template":"","meta":{"ocean_post_layout":"","ocean_both_sidebars_style":"","ocean_both_sidebars_content_width":0,"ocean_both_sidebars_sidebars_width":0,"ocean_sidebar":"","ocean_second_sidebar":"","ocean_disable_margins":"enable","ocean_add_body_class":"","ocean_shortcode_before_top_bar":"","ocean_shortcode_after_top_bar":"","ocean_shortcode_before_header":"","ocean_shortcode_after_header":"","ocean_has_shortcode":"","ocean_shortcode_after_title":"","ocean_shortcode_before_footer_widgets":"","ocean_shortcode_after_footer_widgets":"","ocean_shortcode_before_footer_bottom":"","ocean_shortcode_after_footer_bottom":"","ocean_display_top_bar":"default","ocean_display_header":"default","ocean_header_style":"","ocean_center_header_left_menu":"","ocean_custom_header_template":"","ocean_custom_logo":0,"ocean_custom_retina_logo":0,"ocean_custom_logo_max_width":0,"ocean_custom_logo_tablet_max_width":0,"ocean_custom_logo_mobile_max_width":0,"ocean_custom_logo_max_height":0,"ocean_custom_logo_tablet_max_height":0,"ocean_custom_logo_mobile_max_height":0,"ocean_header_custom_menu":"","ocean_menu_typo_font_family":"","ocean_menu_typo_font_subset":"","ocean_menu_typo_font_size":0,"ocean_menu_typo_font_size_tablet":0,"ocean_menu_typo_font_size_mobile":0,"ocean_menu_typo_font_size_unit":"px","ocean_menu_typo_font_weight":"","ocean_menu_typo_font_weight_tablet":"","ocean_menu_typo_font_weight_mobile":"","ocean_menu_typo_transform":"","ocean_menu_typo_transform_tablet":"","ocean_menu_typo_transform_mobile":"","ocean_menu_typo_line_height":0,"ocean_menu_typo_line_height_tablet":0,"ocean_menu_typo_line_height_mobile":0,"ocean_menu_typo_line_height_unit":"","ocean_menu_typo_spacing":0,"ocean_menu_typo_spacing_tablet":0,"ocean_menu_typo_spacing_mobile":0,"ocean_menu_typo_spacing_unit":"","ocean_menu_link_color":"","ocean_menu_link_color_hover":"","ocean_menu_link_color_active":"","ocean_menu_link_background":"","ocean_menu_link_hover_background":"","ocean_menu_link_active_background":"","ocean_menu_social_links_bg":"","ocean_menu_social_hover_links_bg":"","ocean_menu_social_links_color":"","ocean_menu_social_hover_links_color":"","ocean_disable_title":"default","ocean_disable_heading":"default","ocean_post_title":"","ocean_post_subheading":"","ocean_post_title_style":"","ocean_post_title_background_color":"","ocean_post_title_background":0,"ocean_post_title_bg_image_position":"","ocean_post_title_bg_image_attachment":"","ocean_post_title_bg_image_repeat":"","ocean_post_title_bg_image_size":"","ocean_post_title_height":0,"ocean_post_title_bg_overlay":0.5,"ocean_post_title_bg_overlay_color":"","ocean_disable_breadcrumbs":"default","ocean_breadcrumbs_color":"","ocean_breadcrumbs_separator_color":"","ocean_breadcrumbs_links_color":"","ocean_breadcrumbs_links_hover_color":"","ocean_display_footer_widgets":"default","ocean_display_footer_bottom":"default","ocean_custom_footer_template":"","_joinchat":[],"footnotes":""},"class_list":["post-926","page","type-page","status-publish","hentry","entry"],"_links":{"self":[{"href":"https:\/\/turismoalmagrocreativo.com\/index.php\/wp-json\/wp\/v2\/pages\/926","targetHints":{"allow":["GET"]}}],"collection":[{"href":"https:\/\/turismoalmagrocreativo.com\/index.php\/wp-json\/wp\/v2\/pages"}],"about":[{"href":"https:\/\/turismoalmagrocreativo.com\/index.php\/wp-json\/wp\/v2\/types\/page"}],"author":[{"embeddable":true,"href":"https:\/\/turismoalmagrocreativo.com\/index.php\/wp-json\/wp\/v2\/users\/1"}],"replies":[{"embeddable":true,"href":"https:\/\/turismoalmagrocreativo.com\/index.php\/wp-json\/wp\/v2\/comments?post=926"}],"version-history":[{"count":89,"href":"https:\/\/turismoalmagrocreativo.com\/index.php\/wp-json\/wp\/v2\/pages\/926\/revisions"}],"predecessor-version":[{"id":1455,"href":"https:\/\/turismoalmagrocreativo.com\/index.php\/wp-json\/wp\/v2\/pages\/926\/revisions\/1455"}],"wp:attachment":[{"href":"https:\/\/turismoalmagrocreativo.com\/index.php\/wp-json\/wp\/v2\/media?parent=926"}],"curies":[{"name":"wp","href":"https:\/\/api.w.org\/{rel}","templated":true}]}}